 is the hundred thousands digit of 1656724?
6
What is the units digit of 1264225?
5
What is the hundreds digit of 1782960?
9
What is the units digit of 46992?
2
What is the ten thousands digit of 156250?
5
What is the tens digit of 990065?
6
What is the tens digit of 4264753?
5
What is the hundred thousands digit of 781329?
7
What is the hundreds digit of 6616121?
1
What is the millions digit of 2965360?
2
What is the tens digit of 15074293?
9
What is the millions digit of 4683293?
4
What is the ten thousands digit of 7355382?
5
What is the units digit of 64492?
2
What is the hundred thousands digit of 5345553?
3
What is the thousands digit of 570069?
0
What is the millions digit of 6657092?
6
What is the ten thousands digit of 1392145?
9
What is the hundreds digit of 1487764?
7
What is the thousands digit of 2147861?
7
What is the hundred thousands digit of 4182298?
1
What is the millions digit of 2129630?
2
What is the tens digit of 496118?
1
What is the hundreds digit of 1181790?
7
What is the hundreds digit of 3928807?
8
What is the thousands digit of 1741747?
1
What is the ten thousands digit of 3946416?
4
What is the tens digit of 215563?
6
What is the ten thousands digit of 8026886?
2
What is the units digit of 72148?
8
What is the hundreds digit of 3319279?
2
What is the millions digit of 4323589?
4
What is the hundreds digit of 885640?
6
What is the thousands digit of 97940?
7
What is the hundreds digit of 24965?
9
What is the ten thousands digit of 692640?
9
What is the tens digit of 363496?
9
What is the hundreds digit of 219042?
0
What is the thousands digit of 259940?
9
What is the tens digit of 10307553?
5
What is the tens digit of 6514884?
8
What is the thousands digit of 11178?
1
What is the hundred thousands digit of 1231149?
2
What is the hundreds digit of 2816058?
0
What is the ten thousands digit of 13045929?
4
What is the units digit of 3920309?
9
What is the thousands digit of 8142511?
2
What is the hundred thousands digit of 160366?
1
What is the units digit of 569154?
4
What is the thousands digit of 61033?
1
What is the tens digit of 533746?
4
What is the hundreds digit of 158211?
2
What is the tens digit of 3801511?
1
What is the thousands digit of 621474?
1
What is the thousands digit of 44879?
4
What is the units digit of 226307?
7
What is the hundred thousands digit of 6352791?
3
What is the ten thousands digit of 8211536?
1
What is the millions digit of 41218194?
1
What is the tens digit of 7655674?
7
What is the thousands digit of 1160355?
0
What is the hundred thousands digit of 43408082?
4
What is the tens digit of 542773?
7
What is the ten thousands digit of 5395790?
9
What is the units digit of 183125?
5
What is the ten thousands digit of 541620?
4
What is the hundreds digit of 300010?
0
What is the ten thousands digit of 581136?
8
What is the millions digit of 7728870?
7
What is the ten thousands digit of 223228?
2
What is the tens digit of 1574463?
6
What is the units digit of 2478937?
7
What is the hundreds digit of 66905?
9
What is the ten thousands digit of 2173511?
7
What is the hundreds digit of 177661?
6
What is the hundreds digit of 627006?
0
What is the millions digit of 12600298?
2
What is the ten thousands digit of 22891052?
9
What is the hundreds digit of 7887906?
9
What is the ten thousands digit of 27823649?
2
What is the hundreds digit of 416995?
9
What is the hundreds digit of 271584?
5
What is the millions digit of 14083587?
4
What is the tens digit of 6331420?
2
What is the ten thousands digit of 1944145?
4
What is the ten thousands digit of 103243?
0
What is the hundred thousands digit of 517642?
5
What is the ten thousands digit of 12042097?
4
What is the thousands digit of 583828?
3
What is the ten thousands digit of 8441208?
4
What is the ten thousands digit of 36711720?
1
What is the tens digit of 594142?
4
What is the hundred thousands digit of 388937?
3
What is the ten thousands digit of 995729?
9
What is the thousands digit of 354195?
4
What is the ten thousands digit of 149368?
4
What is the units digit of 4532707?
7
What is the hundreds digit of 563980?
9
What is the units digit of 2324286?
6
What is the hundred thousands digit of 3103066?
1
What is the ten thousands digit of 1613063?
1
What is the hundreds digit of 3924977?
9
What is the tens digit of 10977201?
0
What is the thousands digit of 3706326?
6
What is the hundreds digit of 586445?
4
What is the units digit of 202126?
6
What is the units digit of 832143?
3
What is the units digit of 1159352?
2
What is the hundred thousands digit of 287454?
2
What is the units digit of 30971168?
8
What is the units digit of 8569336?
6
What is the tens digit of 157140?
4
What is the tens digit of 2221286?
8
What is the tens digit of 932994?
9
What is the thousands digit of 1118244?
8
What is the tens digit of 33436643?
4
What is the hundreds digit of 39466858?
8
What is the ten thousands digit of 374283?
7
What is the thousands digit of 11730755?
0
What is the thousands digit of 38278?
8
What is the tens digit of 220618?
1
What is the tens digit of 795467?
6
What is the hundred thousands digit of 2652552?
6
What is the hundreds digit of 6543209?
2
What is the ten thousands digit of 4145313?
4
What is the hundreds digit of 176274?
2
What is the hundred thousands digit of 262941?
2
What is the hundred thousands digit of 137831?
1
What is the hundred thousands digit of 133594?
1
What is the thousands digit of 823088?
3
What is the hundreds digit of 1854567?
5
What is the thousands digit of 1195580?
5
What is the tens digit of 13463188?
8
What is the hundred thousands digit of 17099330?
0
What is the tens digit of 5847909?
0
What is the tens digit of 596614?
1
What is the units digit of 1437511?
1
What is the units digit of 106475?
5
What is the thousands digit of 7003?
7
What is the units digit of 79763?
3
What is the ten thousands digit of 77821?
7
What is the hundreds digit of 375228?
2
What is the units digit of 9144084?
4
What is the hundred thousands digit of 1988335?
9
What is the units digit of 3573022?
2
What is the ten millions digit of 28265568?
2
What is the hundreds digit of 1047341?
3
What is the millions digit of 1874320?
1
What is the tens digit of 1163415?
1
What is the tens digit of 472680?
8
What is the thousands digit of 24504480?
4
What is the ten thousands digit of 247356?
4
What is the hundreds digit of 20596585?
5
What is the hundred thousands digit of 987359?
9
What is the units digit of 302429?
9
What is the ten thousands digit of 100061?
0
What is the tens digit of 1067283?
8
What is the tens digit of 2108021?
2
What is the units digit of 1431867?
7
What is the hundred thousands digit of 5216038?
2
What is the hundreds digit of 3067250?
2
What is the units digit of 6859679?
9
What is the units digit of 400358?
8
What is the ten thousands digit of 615805?
1
What is the units digit of 36641?
1
What is the ten thousands digit of 8761662?
6
What is the ten millions digit of 11097730?
1
What is the millions digit of 17822542?
7
What is the tens digit of 921068?
6
What is the thousands digit of 11856910?
6
What is the ten thousands digit of 12564028?
6
What is the hundred thousands digit of 12208818?
2
What is the ten thousands digit of 113142?
1
What is the millions digit of 1168209?
1
What is the millions digit of 12348116?
2
What is the units digit of 637546?
6
What is the thousands digit of 4069572?
9
What is the units digit of 123864?
4
What is the thousands digit of 12362667?
2
What is the thousands digit of 120130?
0
What is the units digit of 41658?
8
What is the units digit of 1828679?
9
What is the units digit of 10675124?
4
What is the tens digit of 35288?
8
What is the ten thousands digit of 3873243?
7
What is the thousands digit of 590254?
0
What is the hundreds digit of 9238085?
0
What is the ten thousands digit of 2369807?
6
What is the thousands digit of 407521?
7
What is the units digit of 794690?
0
What is the tens digit of 337256?
5
What is the ten thousands digit of 31227663?
2
What is the units digit of 2872259?
9
What is the hundred thousands digit of 518651?
5
What is the units digit of 781947?
7
What is the thousands digit of 908193?
8
What is the ten millions digit of 25313071?
2
What is the 